{"id":6818,"date":"2026-03-27T14:13:12","date_gmt":"2026-03-27T13:13:12","guid":{"rendered":"https:\/\/agisra.org\/?page_id=6818"},"modified":"2026-03-27T15:28:28","modified_gmt":"2026-03-27T14:28:28","slug":"beratung-und-begleitung","status":"publish","type":"page","link":"https:\/\/agisra.org\/beratung-und-begleitung\/","title":{"rendered":"Beratung und Begleitung"},"content":{"rendered":"\n<p>Unsere Beratung ist anonym und kostenfrei. Sie richtet sich an migrierte und gefl\u00fcchtete Frauen und TIN-Personen und an ihre Familien, die prim\u00e4r aus Afrika, Asien, Lateinamerika und Mittel- und Osteuropa kommen. Dabei steht im Vordergrund, dass sich die Beratung nach den Lebenslagen und den damit verkn\u00fcpften Bed\u00fcrfnissen der Beratungssuchenden richtet. Es ist uns ein besonderes Anliegen, die Beratungen in der pr\u00e4ferierten Sprache der Beratungsnehmer*innen anzubieten.<br>Beratungen finden statt auf:<\/p>\n\n\n\n<ul class=\"wp-block-list\">\n<li>Albanisch<\/li>\n\n\n\n<li>Amharisch<\/li>\n\n\n\n<li>Dari<\/li>\n\n\n\n<li>Deutsch<\/li>\n\n\n\n<li>Englisch<\/li>\n\n\n\n<li>Farsi<\/li>\n\n\n\n<li>Franz\u00f6sisch<\/li>\n\n\n\n<li>Georgisch<\/li>\n\n\n\n<li>Polnisch<\/li>\n\n\n\n<li>Portugiesisch<\/li>\n\n\n\n<li>Rum\u00e4nisch<\/li>\n\n\n\n<li>Russisch<\/li>\n\n\n\n<li>Spanisch<\/li>\n\n\n\n<li>Italienisch<\/li>\n\n\n\n<li>Tigre<\/li>\n\n\n\n<li>Tigrinja<\/li>\n\n\n\n<li>T\u00fcrkisch<\/li>\n<\/ul>\n\n\n\n<p>Dar\u00fcber hinaus stehen uns aber auch Sprachmittlerinnen in weiteren Sprachen zur Verf\u00fcgung. Das Beratungsangebot beinhaltet feministische, intersektionale, rassismuskritische sowie ressourcenorientierte Ans\u00e4tze. Im Sinne einer ressourcen- und bedarfsorientierten Beratung ist das Ziel die Beratungsnehmerinnen zu eigenen Entscheidungen zu ermutigen und bei der Durchsetzung ihrer Rechte zu unterst\u00fctzen.<\/p>\n\n\n\n<p>Neben der pers\u00f6nlichen Beratung, die sich an einem eigens entwickelten Beratungskonzept orientiert, begleiten wir unsere Beratungsnehmerinnen bei Beh\u00f6rdeng\u00e4ngen, zu Rechtsanw\u00e4ltinnen, \u00c4rztinnen uvm. Dar\u00fcber hinaus stehen wir in engem Austausch mit anderen Multiplikatorinnen wie Lerner<em>innen, \u00c4rzt<\/em>innen sowie Mitarbeiter*innen anderer Beratungsstellen und Beh\u00f6rden. Auch die Polizei, das Jobcenter und andere Beratungsnehmende verweisen regelm\u00e4\u00dfig an agisra e.V..<\/p>\n","protected":false},"excerpt":{"rendered":"<p>Unsere Beratung ist anonym und kostenfrei. Sie richtet sich an migrierte und gefl\u00fcchtete Frauen und TIN-Personen und an ihre Familien, die prim\u00e4r aus Afrika, Asien, Lateinamerika und Mittel- und Osteuropa kommen. Dabei steht im Vordergrund, dass sich die Beratung nach den Lebenslagen und den damit verkn\u00fcpften Bed\u00fcrfnissen der Beratungssuchenden richtet. Es ist uns ein besonderes [&hellip;]<\/p>\n","protected":false},"author":1,"featured_media":5602,"parent":0,"menu_order":0,"comment_status":"closed","ping_status":"closed","template":"","meta":{"_acf_changed":false,"footnotes":""},"class_list":["post-6818","page","type-page","status-publish","has-post-thumbnail","hentry"],"acf":[],"_links":{"self":[{"href":"https:\/\/agisra.org\/wp-json\/wp\/v2\/pages\/6818","targetHints":{"allow":["GET"]}}],"collection":[{"href":"https:\/\/agisra.org\/wp-json\/wp\/v2\/pages"}],"about":[{"href":"https:\/\/agisra.org\/wp-json\/wp\/v2\/types\/page"}],"author":[{"embeddable":true,"href":"https:\/\/agisra.org\/wp-json\/wp\/v2\/users\/1"}],"replies":[{"embeddable":true,"href":"https:\/\/agisra.org\/wp-json\/wp\/v2\/comments?post=6818"}],"version-history":[{"count":0,"href":"https:\/\/agisra.org\/wp-json\/wp\/v2\/pages\/6818\/revisions"}],"wp:featuredmedia":[{"embeddable":true,"href":"https:\/\/agisra.org\/wp-json\/wp\/v2\/media\/5602"}],"wp:attachment":[{"href":"https:\/\/agisra.org\/wp-json\/wp\/v2\/media?parent=6818"}],"curies":[{"name":"wp","href":"https:\/\/api.w.org\/{rel}","templated":true}]}}